6)/5). Suppose 2*q - g = 1107. Suppose 154 = -2*f + q. Is f a composite number?
False
Let u be ((-4)/6)/((40/(-345))/4). Let b = u + -24. Is b/(1/(-447) + (4 - 4)) a composite number?
True
Is ((-77317)/(-2))/((-10)/(-20)*1) a composite number?
False
Let y = -760 - -764. Let v(i) = 5 - 1 + 333*i - 1 + 2. Is v(y) a prime number?
False
Let r = 1297819 + -513030. Is r composite?
False
Let c be (1 - (-430)/55) + (-4)/(-22). Suppose 4*m + 2395 = c*m. Is m a prime number?
True
Suppose -34*y - 3*b + 543 = -31*y, -2*b = 0. Suppose 31585 = 186*t - y*t. Is t a composite number?
False
Let m(v) = -2*v - 71*v**2 - 5 + 5*v + 72*v**2. Let o be m(2). Suppose o*s = -5*z + 615, 3*s - 4*z - z = 337. Is s composite?
True
Let o be (-8)/(48/(-618)) - 5. Suppose o*c - 92*c - 11694 = 0. Is c a prime number?
True
Let c(k) = -2571*k - 73. Is c(-26) a prime number?
False
Let v = 95484 - -28303. Is v a composite number?
False
Is 2 + -9354*9/(-18) a prime number?
True
Let f = -58 - -68. Suppose 13*v = 4*d + f*v - 23104, -2*d - 3*v = -11570. Is d a composite number?
False
Is (-121117)/(-930) + (-1)/(-10) - 16/(-24) prime?
True
Suppose -273*s + 282*s - 233307 = 0. Suppose 0 = -5*o + 34922 + s. Is o composite?
True
Let m be 42/(-273) + (-5)/((-195)/(-189)). Let h(p) = 380*p**2 + 3*p + 6. Is h(m) prime?
True
Suppose 66*q = 46468610 + 1238764. Is q a prime number?
False
Is (403486/(-3))/((-576)/864) a prime number?
True
Let v(j) = -j**3 + 2*j**2 - j + 3. Let l(y) = -2*y**3 + 5*y**2 - 3*y + 7. Let m(g) = 5*g + 1. Let o be m(-1). Let c(h) = o*l(h) + 10*v(h). Is c(-1) prime?
True
Let q = -100392 + 167383. Let m = q - 20952. Is m a composite number?
True
Let b = -61 - -45. Let v = b + 48. Suppose -34*n + 2274 = -v*n. Is n prime?
False
Suppose -2*p + 3726127 = 5*w, 4*w - p - 1295753 - 1685133 = 0. Is w composite?
True
Let b = 40 - 46. Is 6 - ((-6)/b - 6990) composite?
True
Let i(a) = -341084*a - 3493. Is i(-11) a prime number?
False
Let l = 1293 + -679. Suppose 2*q + q - 21 = -3*i, 17 = 5*i - q. Suppose -i*k + 2*k = -l. Is k prime?
True
Let x(w) = -w**3 - 6*w**2 + 2*w - 14. Suppose -2*u = 5*s + 2*u + 51, 5*s - 4*u = -19. Let o be x(s). Is 4709/7 + -2*(-3)/o composite?
False
Let f(q) = 4*q**2 - q**3 + 3*q**2 - 5*q**2 + 2*q**2 - 4. Let l be f(3). Suppose -4*j = 3*r - 1327, -4*r - l*j + 318 = -1453. Is r a composite number?
False
Is ((1/(-4))/((-6)/(-12)))/((-125)/2555750) composite?
False
Let x(s) = 9722*s**2 - 458*s + 3263. Is x(7) prime?
False
Let w(a) = a**2 + 4*a + 4. Let u be w(-2). Let n be u + (8 + -6)/(4/(-20714)). Is -2*4/(-36) - n/9 composite?
False
Suppose -17*b + 1224 = -11*b. Let p = -170 + b. Is p a prime number?
False
Let h(r) = 597*r**2 + 90*r - 2045. Is h(18) prime?
True
Let g(a) = a**2 - a + 1949. Is g(-68) composite?
True
Let l(p) = -1. Let y(f) = -358*f - 51. Let j(q) = 4*l(q) + y(q). Is j(-32) prime?
False
Let s(l) = 3*l**2 - 44*l - 13. Let i be s(15). Suppose -4*o + 3*j + 114 + 14 = 0, -4*j = -i*o + 54. Is o a composite number?
True
Suppose -b - 3 = 0, -2*l + 6 = -0*l - 2*b. Suppose l = -2*f - 5*f - 14. Is f*1702/4*(-16 + 15) a prime number?
False
Let i(v) = 1275*v - 59. Let x be i(7). Let p = x - 6285. Is p composite?
True
Suppose 0 = -25*v - 71210 + 186735. Is v prime?
True
Let t(k) = 1171*k**2 + 639*k - 1927. Is t(3) prime?
True
Suppose -5*k + 174085 = 4*u, 4*k - 165126 = -3*u - 25857. Suppose 0 = 112*p - 103*p - k. Is p prime?
False
Suppose -1 = -0*b - 3*b + 2*f, -f - 2 = -2*b. Let t(k) = 4*k**3 - 19*k - 2*k**2 + 14*k + 29*k**3 + 17*k**b + 2. Is t(3) composite?
False
Is (-3195 + -10)*-177 - 20 a prime number?
False
Suppose 2898219 = -50*p + 4146223 + 4115946. Is p a composite number?
False
Suppose 26*g - 21*g = -j + 887903, 2663633 = 3*j - 4*g. Is j composite?
True
Is (-361)/(-8303) - 132902232/(-46) a composite number?
False
Let g = -15950 - -22517. Suppose -4*b = 3*u - g, 3*b - 2182 = -u + 4*b. Suppose -8*h + 1482 = 2*q - 3*h, -3*q + 2*h = -u. Is q a composite number?
True
Suppose 0 = u - 3*t + 1, -3*u = -0*u + t + 23. Is ((-2)/u)/((-2)/(-574)) composite?
True
Is (4 - 136638/24)*(-31 + 27) a prime number?
False
Let x(b) = -533*b + 745. Is x(-44) a composite number?
False
Let c(x) = 74*x - 1. Let w be 12/(-18) + (-1)/3. Let d be 5 + (w - 4) + 1*3. Is c(d) prime?
False
Let s(l) = -l**2 + 38*l - 35. Let v be s(31). Suppose 186*d = v*d + 7796. Is d prime?
True
Let p(g) = 3*g**2 + 18*g + 17. Let o be p(-5). Suppose -2*l + 9470 + 9398 = 4*n, -o*n + 9434 = 5*l. Is n prime?
False
Let p = 2 - -1. Let v = 1192 - -519. Suppose p*z = -5*t + v, t + 0*t = 3*z - 1735. Is z a prime number?
True
Let q be -2 + 1 + 1/2*10. Suppose -q*g + 229 = 1765. Let r = g + 623. Is r prime?
True
Let s(a) = -305327*a + 15417. Is s(-6) a prime number?
False
Suppose 0 = 3*r - 2*g - 1073903, -131*r + 127*r - 5*g = -1431863. Is r a prime number?
True
Suppose -1058603 = -3022*c + 3015*c. Is c prime?
False
Is -32831*(-3 - 1)*((-3)/(-12))/1 prime?
True
Let d(u) be the first derivative of 19*u**4/4 + 25*u**3/3 - 25*u**2/2 + u + 17. Is d(6) composite?
True
Suppose 0 = -6*t - 12*t + 378. Is 2674/(-2)*(-9)/t prime?
False
Let b be 1*-51 - (-33)/11. Is 4258/8*(52 + b) a prime number?
True
Let r = -86 - -50. Let o = r + 39. Suppose 3548 - 569 = o*u. Is u a prime number?
False
Let b(n) = 88*n**2 - 11*n + 37 + 9*n - 8*n - 2*n**2. Is b(7) prime?
False
Let t(u) = u**3 - 20*u**2 - 22*u + 21. Let r be t(21). Let o be (3858/(-24))/(r - 1/4). Suppose -5*w = 2*a - 4*w - o, 4*w = -2*a + 658. Is a composite?
True
Suppose -13*l = -9*l - 3*n + 175, 2*l + 98 = -2*n. Is (-8)/92 - 510098/l prime?
False
Suppose 3*z - 3*b + 18 = 0, -3*b + 2 = 2*z + 3*z. Let w be -2*(z/1 - -1). Suppose -2358 = -4*q + w*k, -k = q + 138 - 720. Is q a prime number?
True
Let c(j) = -2*j**3 - 47*j**2 - 24*j - 53. Let t be c(-21). Suppose -2*r - 41 + 3 = 3*l, -56 = 5*l - 4*r. Is (t/(-6))/(l/(-36)) a prime number?
True
Let u(y) = -y + 11. Suppose -2*h = w - 10, 0*h + 5*h = 4*w + 51. Let v be u(h). Suppose v*d - 14 - 2 = 0, -3*b = -3*d - 4071. Is b prime?
True
Suppose 0 = -4*q + 20, q - 6*q + 21 = 4*v. Suppose 16*g = -3*g + 665. Is (43119/(-21) - (-10)/g)/v a composite number?
False
Suppose 32 = -b + 9*b. Suppose 0 = r - 0*r + 4*h - 459, -3*r + b*h + 1409 = 0. Suppose 3*d = -d + 5*v + 1901, 0 = -d + 4*v + r. Is d a composite number?
False
Let l = -149 - -77. Let x = 152 - 139. Is 12781/x + (l/(-39) - 2) prime?
True
Let y(t) = 7286*t**3 + t**2 - 2*t + 1. Let x(w) = -w**2 - 2*w + 25. Let h be x(-6). Is y(h) prime?
False
Suppose 366674 = 23*k - 197355. Is k prime?
False
Suppose -2*x + 0*x + 4*c = -6, 0 = 5*x + 2*c + 9. Let u be (-1)/(1992/(-1989) - (x + 0)). Let t = u - 241. Is t a composite number?
True
Let i(h) = -980*h - 83 + 53*h - 86 + 33. Is i(-21) composite?
True
Suppose 0*o + 727809 = n + 4*o, 4*n - 2911140 = -4*o. Is n composite?
False
Let q(w) = -7*w + 76. Let t be q(8). Suppose -18*i - 838 = -t*i. Is i composite?
False
Suppose 78*w - 79*w = x - 19012, -4*x = 2*w - 76046. Is x composite?
True
Suppose 5458 = 4*z + d, -4*z + d - 621 = -6083. Let k = 7336 - z. Is k a composite number?
True
Is (-1)/7 + ((-37509599)/(-595) - (-9)/5) composite?
True
Let d(u) = -3344*u + 4553. Is d(-22) composite?
False
Let d = -222 - -204. Let r(q) = q**3 + 23*q**2 - q + 19. Is r(d) composite?
False
Suppose -4*a - 14 - 3 = 5*v, -2*v - 4*a + 10 = 0. Let u = -2 - -4. Is 7/(-21) + ((-26484)/v)/u a composite number?
False
Let m(f) = 206*f**2 + 4*f + 5. Let o(j) = -2*j**3 - 2*j**2 + 3*j + 2. Let y be o(-2). Suppose x = 4*h + 5 + 6, h = y*x + 1. Is m(h) composite?
False
Let y be 1347*14/(-63) + 2/6. Let j = 1480 - y. Is j a composite number?
True
Suppose -b = 0, -5*g + 0*g + 3*b = -130. Suppose 4*r = 10 - g. Is 4/(-14) + (10692/(-21))/r composite?
False
Let q(s) be the first derivative of s**3/3 + 7*s**2/2 + 16*s - 6. Let h be q(-8). Is ((-74)/1)/(-1)*h/16 a prime number?
False
Suppose -6*h - 37*h + 446290 = -839281. Is h a prime number?
False
Let j(g) = -863*g**2 + 3*g + 7. Let w be j(5). Let p = 36296 + w. Is p a composite number?
True
Let f be ((-18)/(-15))/((-6)/15). Let m be (-74)/(-8) + f/24*2. Suppose -21600 = -m*z - 5985. Is z a prime number?
False
Let c(t) = 415*t**2 + 37*t + 445. Is c(-13) prime?
True
Suppose 4*o - 1436398 = v, 0 = -5*o + 2*v - 1087438 